 Let w(i) = -11*u(i) - 4*z(i). Let p(o) = -2*s(o) - 5*w(o). Determine p(4).
-3
Let z = -630 + -6. Let b = 629 + z. Let u(h) = 2*h**2 + 15*h + 9. Calculate u(b).
2
Let a(n) = -2*n - 75. Let k be -2*((-30)/465 - 2178/(-124)). Calculate a(k).
-5
Suppose 3*j - q - 1 - 2 = 0, 2*j = -5*q + 19. Let n(d) = -8*d**2 - 2*d + 366 - 4*d + 2*d - 375. Let r(f) = f**2 + 2. Let z(c) = n(c) + 6*r(c). Determine z(j).
-13
Suppose z - 3*d - 4 = 0, 4*d = -d + 5. Let u(w) be the first derivative of 3*w**2/2 - 15*w + 706. Give u(z).
6
Suppose -5*p + 0*d + 50 = d, -p - 16 = -5*d. Suppose 36 = p*t - 3*t. Let f(a) = -110*a + 110*a + t*a**2. Give f(1).
6
Let j(t) = t**2 - 22*t + 83. Suppose r + 7 = -4*b, b - 5*b - 24 = 0. What is j(r)?
-2
Let f = -2 - -12. Let b(z) = 39 - 3*z - 9 - f + 2*z**2 - 17. Give b(3).
12
Let l(t) = -44*t - 10. Let y(u) = 5*u + 2. Let j(f) = -2*l(f) - 18*y(f). Calculate j(-8).
0
Suppose 623 = 89*i - 0*i. Let w(o) = -8*o + 38. Calculate w(i).
-18
Suppose -30*d = 1 - 91. Let p(k) = -k**2 - 5*k + 5. Calculate p(d).
-19
Let h(m) = -2*m**3 - 7*m**2 + 23*m - 15. Let u be h(-6). Let o be (-32)/(-6) - 9/u. Let d(x) = -2*x**2 + 5*x + 3. Determine d(o).
-22
Suppose -2*v + 42 = 5*u, -3*u + 13 = 2*v - 13. Suppose 990 = -u*y + 190. Let s = 101 + y. Let q(j) = -21*j**2 + j - 1. What is q(s)?
-21
Let s(t) = t**3 - 6*t**2 + 4. Let h be -6 - -9 - (125 - (-10 - -5)). Let z = 133 + h. Calculate s(z).
4
Let t(l) = -13*l**3 - 7*l**2 - 133*l - 278. Let i(j) = -40*j**3 - 21*j**2 - 406*j - 835. Let w(q) = 12*i(q) - 37*t(q). Give w(-6).
8
Let l(k) = k**3 - 6*k**2 + 7*k + 6. Suppose 4*a - 5*v - 60 = 0, 0 = 3*v - 1146 + 1170. What is l(a)?
16
Suppose -479 + 468 = -3*f - c, 0 = 5*c + 20. Let i(y) = y**3 - 2*y**2 - 1. Determine i(f).
74
Let o(y) = -12*y + 1. Suppose -20014 = -28*h + 3618. Let j = h + -841. Calculate o(j).
-35
Suppose 92*g = 83 + 9. Let j(f) = 79*f**3 - 2*f**2. Calculate j(g).
77
Let b(m) be the second derivative of -m**4/6 - 4*m**3/3 + 3*m**2/2 - 2*m. Suppose -3*l - 5*p = -2, l + 3*p = 7 - 1. Give b(l).
-21
Let u(s) be the third derivative of -s**5/60 - 17*s**4/24 + 5*s**3/6 + 1015*s**2 + 3. Calculate u(-8).
77
Let p(l) = l + 9. Suppose 2*r + 2414 = 2600. Suppose 81 = 2*z + r. Calculate p(z).
3
Let x(y) = -2*y + 7. Let f be x(6). Let o(h) = -4*h**2 + 4*h + 19. Let c(r) = -3*r**2 + 4*r + 15. Let q(j) = 5*c(j) - 4*o(j). What is q(f)?
4
Let z(a) = -45*a. Let m be (-15)/(-18) + 38/228. What is z(m)?
-45
Let i(g) = -11*g**3 + 108*g**2 + 26*g - 54. Let v be i(10). Let f(p) be the first derivative of p**4/4 - 7*p**3/3 + 9*p**2/2 - 8*p + 1. Give f(v).
10
Let m(i) = i + 2*i - 4*i + 2 + 2*i. Let j(f) = -5*f**3 - 5*f**2 + 3*f - 4. Let r be j(-2). Suppose -65*u - r = 2*y - 63*u, 5*y + 4*u = -28. What is m(y)?
-6
Let t(z) = 2*z - 3. Let s(w) = -7*w - 6. Let o be (-91)/(-21) + (-4)/(-6). Let g be s(o). Let p = 38 + g. What is t(p)?
-9
Let k(a) = -a - 9 - 6 + 37 - 13 + 4*a. What is k(-5)?
-6
Let h be (325/(-52))/(-25)*-12. Let v(u) = 15*u + 28. Calculate v(h).
-17
Let t(p) = -4*p + 1. Let h be t(-3). Let r = 34 - h. Let d(x) = -11*x - 12*x + r*x. Calculate d(-1).
2
Let y be ((-12)/14 - (-175)/490)*10/1. Let c(s) be the second derivative of -s**4/12 - 5*s**3/6 - s**2/2 - 3*s. What is c(y)?
-1
Let a(j) = -j**2 - 5*j + 87. Let c be a(7). Let v(t) be the first derivative of 1 - c*t - 1/2*t**2. What is v(-6)?
3
Let c(s) be the third derivative of 5*s**4/24 + 14*s**3/3 + 615*s**2. Give c(-6).
-2
Let u(c) = -c**3 + 9*c**2 - 19*c - 9. Let m be u(5). Let z be m + 1 + (2 - 4) + 2. Let s(g) = g**2 + 3*g - 4. What is s(z)?
-4
Suppose -4*r - 10 = 2*y, -y = -2*r - 0 - 7. Let u be 0/(1*r/3). Suppose u = -0*h + 3*h + 3*j - 24, 4 = j. Let n(o) = o + 3. Calculate n(h).
7
Let v = -78 + 82. Suppose -v*r = -36 + 16. Suppose -2*t = -4, m - r*t = 2*m - 2. Let h(a) = -a. What is h(m)?
8
Suppose 0 = 19*d - 56 - 39. Let q(o) = 111*o - 53*o - d - 56*o. Let y be 1/4 + 90/24. Give q(y).
3
Suppose -2*t + 10 = 3*t. Let i(p) = 2*p + 52*p**3 - 53*p**3 + 4 + p**t - 3. What is i(-2)?
9
Let b(p) be the first derivative of p**2/2 + 5*p + 423. What is b(-9)?
-4
Let l be 8/10 - 1/15*-3. Let x(u) = -u**2 + u - 3. Let n(c) = -c**3 + 12*c**2 + 5*c + 6. Let j(a) = l*n(a) + 4*x(a). What is j(9)?
-6
Suppose 15 = -f + 21. Let a be 3*(-1 + 8/f). Let d be (-20)/(-4) + (-1)/a. Let g(i) = -i**3 + 3*i**2 + i - 5. Calculate g(d).
-17
Let x(o) = 61*o**2 - 121*o. Let z(l) = 60*l**2 - 101*l. Let t(u) = 5*x(u) - 6*z(u). Calculate t(-1).
-56
Let s(f) = -f**3 - 6*f**2 + 3*f + 9. Let z = 17 - 13. Suppose 295 = 20*y + 935. Let a be (-18)/z*y/(-24). Give s(a).
-9
Let l(m) = 5*m - 35. Let x(o) = -14*o + 117. Let r(h) = 7*l(h) + 2*x(h). Give r(7).
38
Let q(h) = -31*h**2 - 4*h - 3. Suppose -6*w - 24 = 23*w + 5. Give q(w).
-30
Let g(l) = -2*l**2 - 31*l + 7. Let t be g(-16). Let d be (2 + -5)*12/t. Let c(p) = 3 + 7*p**2 + 4*p + 2*p - d - 5*p. Give c(1).
7
Let q(v) = 15*v - 28. Let m(b) = -67*b + 1149. Let j be m(17). Calculate q(j).
122
Let x(m) = -m**3 + 11*m**2 - 14*m + 4. Let s(o) = 34*o - 99. Let z be s(3). Let j(c) = c**3 - 10*c**2 + 12*c - 5. Let r(l) = z*j(l) + 2*x(l). Calculate r(5).
-42
Let g be (6/18)/(4/(-48)). Let w be (-10)/g*(-18)/(-15). Let v(n) = 18 - n**2 - 3*n**3 - 3*n**3 + 2*n**w + 5*n**3. Give v(0).
18
Let u(p) = -45*p + 51. Let s be u(1). Suppose 4*z = 6 + s. Let f(g) = -2*g**2 + 3*g - 2. Calculate f(z).
-11
Let r(i) be the second derivative of -2*i**3/3 - 7*i**2/2 - 3*i - 1491. Suppose -3*y + 0 = 21. Determine r(y).
21
Let z(i) = i + 75. Let d(j) = -5*j - 394. Let a(n) = -d(n) - 6*z(n). What is a(-41)?
-15
Let i(s) = 448*s**3 + 453*s**3 - 3 - 5*s**2 - 1351*s**3 - 2*s + 451*s**3. What is i(7)?
81
Suppose 0 = -2*w + 3*k + 6, -4*k + 12 = -8*w + 12*w. Suppose -c - 2 + 15 = 4*y, 0 = -c + 5. Let n(s) = 0*s**2 + 4*s**y - 5 + 3 - 2*s**3 + s. Give n(w).
-17
Let c(i) = -2*i**3 + 23*i**2 + 2*i - 7. Let y(g) = -g**3 + 14*g**2 + g - 4. Let n(p) = 3*c(p) - 5*y(p). Determine n(-3).
14
Let u(x) = -x**2 - 27*x - 70. Let z be u(-24). Let w(i) = 5*i + 2*i**2 - 2*i + i**z + 1065 - 1061 - 3*i**3 + 2*i**3. Let h = 7 - 4. Give w(h).
13
Let w(z) be the second derivative of -3*z**5/10 - z**4/6 + z**2/2 + 15*z. Let b be w(-1). Let o(g) = 0 + 4*g - b*g + 8 + 0*g. What is o(0)?
8
Suppose 59*c = 1688 - 2101. Let z(r) = -3*r**2 - 6*r. Give z(c).
-105
Let j(u) = -u**3 - 2*u**2 + 8*u - 17. Let p(l) = 2*l**2 - 7*l + 14. Let c(f) = -3*j(f) - 4*p(f). Determine c(3).
70
Let a(s) = 16*s**3 + 13*s**2 + 14*s + 8. Let y be (7/(-5))/((-1)/5). Let t(q) = -7*q**3 - 6*q**2 - 7*q - 4. Let r(m) = y*t(m) + 3*a(m). Calculate r(-4).
40
Let j(b) be the second derivative of b**5/20 + 13*b**4/12 - 8*b**3/3 - 15*b**2/2 - 53*b - 13. Calculate j(-14).
13
Suppose 4*f + 4*m - 20 = 0, 2*m - 20 = 2*f - 6*f. Let o(q) = q + 46. Let s(t) = -71. Let j(p) = -3*o(p) - 2*s(p). Calculate j(f).
-11
Suppose 4*o + q = 20 - 5, 0 = -o + 4*q - 9. Suppose o*x + 13 - 4 = 0, 2*m = 5*x + 15. Let h(s) = s - 31. Determine h(m).
-31
Let k(q) = q**3 + 18*q**2 - 22*q - 54. Suppose 0*u = 49*u + 931. What is k(u)?
3
Let g(f) = -f**3 - 10*f**2 - 11*f - 7. Suppose 90 = j + 4*o, -4*o - 382 = -5*j - 7*o. Suppose -7*c = -j + 137. Determine g(c).
11
Let u(y) = 13*y - 82. Let q(v) = 11 + 6*v - 29 - 12 - 11. Let g(l) = 9*q(l) - 4*u(l). Determine g(20).
-1
Let l(g) be the second derivative of -2 - 1/2*g**2 - 1/12*g**4 + 1/20*g**5 + 1/2*g**3 + 77*g. Give l(2).
9
Suppose 99*b - 13 = -3*i + 104*b, 3*i + 3*b + 27 = 0. Let d(r) = r**3 + 3*r**2 - r + 14. Determine d(i).
2
Let m(u) = -9 + 41*u + 19*u - 107*u + 29*u. Give m(-3).
45
Let x(p) be the second derivative of p**4/24 - 13*p**3/6 + 9*p**2/2 - 2*p + 2. Let q(i) be the first derivative of x(i). What is q(9)?
-4
Let o be ((-2)/5)/(2/(-10)). Let f(r) = 2*r - 2*r**o - 6 + 4 + 5. Let p(i) = -3*i + 3. Let d be p(0). Calculate f(d).
-9
Let q(b) be the third derivative of -b**6/40 - b**5/20 - b**4/24 + 7*b**3/6 - 7621*b**2. Calculate q(0).
7
Let u(t) be the second derivative of -5*t**4/4 - t**3/2 + 5*t**2/2 + 1440*t - 3. Calculate u(1).
-13
Let r = 318 - 456. Let o be r/33 - 20/(-110). Let b(k) = -k**3 - 5*k**2 - 5*k - 5. Calculate b(o).
-1
Let t be ((34/153)/(5/9))/(16/10). Let c(b) be the first derivative of t*b**4 - 2*b - 5/2*b**2 + b**3 - 6. Give c(-4).
2
Le